{"id":581,"date":"2022-11-10T09:37:11","date_gmt":"2022-11-10T14:37:11","guid":{"rendered":"https:\/\/acadianembassy.com\/music\/?post_type=product&#038;p=581"},"modified":"2024-11-04T17:07:58","modified_gmt":"2024-11-04T22:07:58","slug":"sluice-couvertes-pickees-vol-1","status":"publish","type":"product","link":"https:\/\/acadianembassy.com\/music\/product\/sluice-couvertes-pickees-vol-1\/","title":{"rendered":"Couvertes pick\u200b\u00e9\u200bes Vol. 1"},"content":{"rendered":"<p>Download in MP3 format.<br \/>\nT\u00e9l\u00e9chargement au format MP3.<\/p>\n<p>Enregistr\u00e9 au Golden Palm en Halifax, N\u00c9 par Palmer Jamieson<br \/>\nMix\u00e9 par AA Wallace \u00e0 An Undisclosed Location \u00e0 Dartmouth, N\u00c9<br \/>\nR\u00e9alis\u00e9 par AA Wallace<br \/>\nGravure par Kristian Montano \u00e0 Montano Mastering.<\/p>\n<p>Sur cet album, Sluice est:<br \/>\nTrevor Murphy (basse, voix)<br \/>\nAA Wallace (guitare, voix, claviers)<br \/>\nCory Le Blanc (guitare)<br \/>\nJoel Waddell (batteries)<\/p>\n<p>\u00c9milie Landry appara\u00eet comme choriste sur \u201cQuasiment.\u201d<\/p>\n<p>La pochette d&#8217;album et le visualizer pour &#8220;Frippe It Up&#8221; ont \u00e9t\u00e9 cr\u00e9\u00e9s par Philippe Hach\u00e9<br \/>\n<a href=\"https:\/\/www.instagram.com\/superphil64\" rel=\"nofollow ugc\">www.instagram.com\/superphil64<\/a><br \/>\n<a href=\"http:\/\/superphil64.creator-spring.com\/\" rel=\"nofollow ugc\">superphil64.creator-spring.com<\/a><\/p>\n<p>Visualizer pour &#8220;Frippe It Up&#8221; :\u00a0<a href=\"https:\/\/youtu.be\/U70E98IQMSg\" rel=\"nofollow ugc\">youtu.be\/U70E98IQMSg<\/a><\/p>\n<p>\ud83c\udf66 Shoutout sp\u00e9ciale \u00e0 la Creamy Treat \u00e0 Pubnico, N-\u00c9. \ud83c\udf66<\/p>\n","protected":false},"excerpt":{"rendered":"<h5>TRACKLIST \/ liste des pistes<\/h5>\n<p>1. Quasiment (Taylor Swift Cover)<br \/>\n2. Frippe It Up (KISS Cover)<br \/>\n3. Put It On High (Outtacontroller Cover)<br \/>\n4. La Molue feat. Cheval (Eric Surette Cover)<\/p>\n","protected":false},"featured_media":582,"template":"","meta":{"_acf_changed":false,"site-sidebar-layout":"default","site-content-layout":"","ast-site-content-layout":"default","site-content-style":"default","site-sidebar-style":"default","ast-global-header-display":"","ast-banner-title-visibility":"","ast-main-header-display":"","ast-hfb-above-header-display":"","ast-hfb-below-header-display":"","ast-hfb-mobile-header-display":"","site-post-title":"","ast-breadcrumbs-content":"","ast-featured-img":"","footer-sml-layout":"","ast-disable-related-posts":"","theme-transparent-header-meta":"default","adv-header-id-meta":"","stick-header-meta":"","header-above-stick-meta":"","header-main-stick-meta":"","header-below-stick-meta":"","astra-migrate-meta-layouts":"set","ast-page-background-enabled":"default","ast-page-background-meta":{"desktop":{"background-color":"var(--ast-global-color-4)","background-image":"","background-repeat":"repeat","background-position":"center center","background-size":"auto","background-attachment":"scroll","background-type":"","background-media":"","overlay-type":"","overlay-color":"","overlay-opacity":"","overlay-gradient":""},"tablet":{"background-color":"","background-image":"","background-repeat":"repeat","background-position":"center center","background-size":"auto","background-attachment":"scroll","background-type":"","background-media":"","overlay-type":"","overlay-color":"","overlay-opacity":"","overlay-gradient":""},"mobile":{"background-color":"","background-image":"","background-repeat":"repeat","background-position":"center center","background-size":"auto","background-attachment":"scroll","background-type":"","background-media":"","overlay-type":"","overlay-color":"","overlay-opacity":"","overlay-gradient":""}},"ast-content-background-meta":{"desktop":{"background-color":"var(--ast-global-color-5)","background-image":"","background-repeat":"repeat","background-position":"center center","background-size":"auto","background-attachment":"scroll","background-type":"","background-media":"","overlay-type":"","overlay-color":"","overlay-opacity":"","overlay-gradient":""},"tablet":{"background-color":"var(--ast-global-color-5)","background-image":"","background-repeat":"repeat","background-position":"center center","background-size":"auto","background-attachment":"scroll","background-type":"","background-media":"","overlay-type":"","overlay-color":"","overlay-opacity":"","overlay-gradient":""},"mobile":{"background-color":"var(--ast-global-color-5)","background-image":"","background-repeat":"repeat","background-position":"center center","background-size":"auto","background-attachment":"scroll","background-type":"","background-media":"","overlay-type":"","overlay-color":"","overlay-opacity":"","overlay-gradient":""}}},"product_brand":[],"product_cat":[20,34,31,23],"product_tag":[],"class_list":{"0":"post-581","1":"product","2":"type-product","3":"status-publish","4":"has-post-thumbnail","6":"product_cat-digital-numerique","7":"product_cat-music-musique","8":"product_cat-releases","9":"product_cat-sluice","10":"desktop-align-left","11":"tablet-align-left","12":"mobile-align-left","14":"first","15":"instock","16":"downloadable","17":"virtual","18":"taxable","19":"purchasable","20":"product-type-simple"},"acf":[],"_links":{"self":[{"href":"https:\/\/acadianembassy.com\/music\/wp-json\/wp\/v2\/product\/581","targetHints":{"allow":["GET"]}}],"collection":[{"href":"https:\/\/acadianembassy.com\/music\/wp-json\/wp\/v2\/product"}],"about":[{"href":"https:\/\/acadianembassy.com\/music\/wp-json\/wp\/v2\/types\/product"}],"wp:featuredmedia":[{"embeddable":true,"href":"https:\/\/acadianembassy.com\/music\/wp-json\/wp\/v2\/media\/582"}],"wp:attachment":[{"href":"https:\/\/acadianembassy.com\/music\/wp-json\/wp\/v2\/media?parent=581"}],"wp:term":[{"taxonomy":"product_brand","embeddable":true,"href":"https:\/\/acadianembassy.com\/music\/wp-json\/wp\/v2\/product_brand?post=581"},{"taxonomy":"product_cat","embeddable":true,"href":"https:\/\/acadianembassy.com\/music\/wp-json\/wp\/v2\/product_cat?post=581"},{"taxonomy":"product_tag","embeddable":true,"href":"https:\/\/acadianembassy.com\/music\/wp-json\/wp\/v2\/product_tag?post=581"}],"curies":[{"name":"wp","href":"https:\/\/api.w.org\/{rel}","templated":true}]}}