{"id":2071,"date":"2025-02-17T09:01:35","date_gmt":"2025-02-17T14:01:35","guid":{"rendered":"https:\/\/acadianembassy.com\/music\/?post_type=product&#038;p=2071"},"modified":"2025-02-17T09:14:31","modified_gmt":"2025-02-17T14:14:31","slug":"detruit-hate-u-now","status":"publish","type":"product","link":"https:\/\/acadianembassy.com\/music\/product\/detruit-hate-u-now\/","title":{"rendered":"D\u00e9truit\/Hate U Now (single)"},"content":{"rendered":"<p>Double single &#8211; Download in MP3 &amp; WAV format.<br \/>\nSingle double &#8211; T\u00e9l\u00e9chargement au format MP3 &amp; WAV.<\/p>\n<p>Released February 18, 2025<\/p>\n<p>STREAM:<br \/>\n<a href=\"https:\/\/lnk.to\/serena-wu-detruit\">https:\/\/lnk.to\/serena-wu-detruit<\/a><\/p>\n<p>PAROLES (version fran\u00e7ais):<br \/>\nJe savais au d\u00e9but<br \/>\nCe n\u2019\u00e9tait pas le bon moment<br \/>\nMais \u00e7a s&#8217;est pass\u00e9 si vite<br \/>\nEt soudain on s\u2019aimait tellement<\/p>\n<p>On a oubli\u00e9 toutes nos promesses<br \/>\nTout s\u2019effondrait<br \/>\nC\u2019est devenu si compliqu\u00e9<\/p>\n<p>Je perds la t\u00eate, tu me manques<br \/>\nTout perdu dans un instant<br \/>\nAccroch\u00e9e \u00e0 notre pass\u00e9<br \/>\nMalgr\u00e9 le chaos, avec toi, je le referais<br \/>\nMais tu m&#8217;as dit, que c\u2019est fini, tout est d\u00e9truit<\/p>\n<p>J&#8217;aurais d\u00fb me contr\u00f4ler<br \/>\nQuand on se disputait tout le temps<br \/>\nEt si je pouvais, je le ferais autrement<\/p>\n<p>M\u00eame apr\u00e8s un an<br \/>\nTu me manques tellement<br \/>\nJe n\u2019arrive pas \u00e0 t\u2019oublier<\/p>\n<p>Je perds la t\u00eate, tu me manques<br \/>\nTout perdu dans un instant<br \/>\nAccroch\u00e9e \u00e0 notre pass\u00e9<br \/>\nMalgr\u00e9 le chaos, avec toi, je le referais<br \/>\nMais tu m&#8217;as dit, que c\u2019est fini, tout est d\u00e9truit<\/p>\n<p>J&#8217;en ai marre de faire semblant<br \/>\nDe tout cacher ce que je sens<br \/>\nTu me disais c\u2019est pour la vie, mais pour toi, c\u2019est bien fini<\/p>\n<p>J\u2019aimerais remonter le temps, quand on \u00e9tait si contents<br \/>\nT&#8217;es toujours dans mes pens\u00e9es<br \/>\nIncroyable, qu\u2019on est devenus \u00e9trangers<br \/>\nMais tu m&#8217;as dit, que c\u2019est fini, tout est d\u00e9truit<\/p>\n<p>Je perds la t\u00eate, tu me manques<br \/>\nTout perdu en un instant<br \/>\nAccroch\u00e9e \u00e0 notre pass\u00e9<br \/>\nMalgr\u00e9 le chaos, avec toi, je le referais<br \/>\nMais tu m&#8217;as dit, que c\u2019est fini, tout est d\u00e9truit<\/p>\n<p>LYRICS (English version):<br \/>\nI wish I\u2019d met you at a different time<br \/>\nWhere our lives were more aligned<br \/>\nTo save me from all that heartbreak<br \/>\nWhy\u2019d you let me walk away?<\/p>\n<p>Too many promises we couldn\u2019t keep<br \/>\nDreaming so senselessly<br \/>\nOut of touch, with reality<\/p>\n<p>We live in different cities<br \/>\nI\u2019m wondering if you miss me<br \/>\nCause even after all this time I still think about<br \/>\nHow happy you used to make me<br \/>\nBut, you hate me now, I hate you now, we\u2019re nothing now<\/p>\n<p>Wish I had controlled myself<br \/>\nWhen we began to fight all the time<br \/>\nAnd if I could redo it all, I wouldn\u2019t yell at you this time<\/p>\n<p>I was impulsive, ruined it all in seconds<br \/>\nKilling all our good memories<\/p>\n<p>We live in different cities<br \/>\nI\u2019m wondering if you miss me<br \/>\nCause even after all this time I still think about<br \/>\nHow happy you used to make me<br \/>\nBut you hate me now, I hate you now, we\u2019re nothing now<\/p>\n<p>How can I get myself back?<br \/>\nAfter loving you like that<br \/>\nYou used to say we were forever, and now it\u2019s like we\u2019re strangers<\/p>\n<p>Living in different cities<br \/>\nHere wondering if you miss me<br \/>\nCause even after all this time I still think about<br \/>\nHow happy you and I used to be<br \/>\nBut, you hate me now, I hate you now, we\u2019re nothing now<\/p>\n<p>We live in different cities<br \/>\nI\u2019m wondering if you miss me<br \/>\nCause even after all this time I still think about<br \/>\nHow happy you used to make me<br \/>\nBut, you hate me now, I hate you now, we\u2019re nothing now<\/p>\n<p>CR\u00c9DITS:<br \/>\n<span style=\"font-size: 16px;\">Auteure-compositrice\/Songwriter: Serena Wu<br \/>\n<\/span>R\u00e9alisateur\/Producer: Daniel Ledwell<br \/>\nEnregistrement &amp; mixage\/Recording &amp; Mix: Daniel Ledwell &#8211; Echo Lake<br \/>\nGr\u00e2vure\/Mastering: Kristian Montano &#8211; Montano Mastering<\/p>\n<p>Serena Wu: voix, piano \/ vocals, piano<br \/>\nDaniel Ledwell: guitare, batteries, claviers, synth \/ guitar, drums, keyboards, synth<br \/>\nTrevor Murphy: basse \/ bass<\/p>\n","protected":false},"excerpt":{"rendered":"<p>Double single &#8211; Download in MP3 &amp; WAV format. Single double &#8211; T\u00e9l\u00e9chargement au format MP3 &amp; WAV. Released February [&hellip;]<\/p>\n","protected":false},"featured_media":2073,"template":"","meta":{"_acf_changed":false,"site-sidebar-layout":"default","site-content-layout":"","ast-site-content-layout":"default","site-content-style":"default","site-sidebar-style":"default","ast-global-header-display":"","ast-banner-title-visibility":"","ast-main-header-display":"","ast-hfb-above-header-display":"","ast-hfb-below-header-display":"","ast-hfb-mobile-header-display":"","site-post-title":"","ast-breadcrumbs-content":"","ast-featured-img":"","footer-sml-layout":"","ast-disable-related-posts":"","theme-transparent-header-meta":"default","adv-header-id-meta":"","stick-header-meta":"","header-above-stick-meta":"","header-main-stick-meta":"","header-below-stick-meta":"","astra-migrate-meta-layouts":"set","ast-page-background-enabled":"default","ast-page-background-meta":{"desktop":{"background-color":"var(--ast-global-color-4)","background-image":"","background-repeat":"repeat","background-position":"center center","background-size":"auto","background-attachment":"scroll","background-type":"","background-media":"","overlay-type":"","overlay-color":"","overlay-opacity":"","overlay-gradient":""},"tablet":{"background-color":"","background-image":"","background-repeat":"repeat","background-position":"center center","background-size":"auto","background-attachment":"scroll","background-type":"","background-media":"","overlay-type":"","overlay-color":"","overlay-opacity":"","overlay-gradient":""},"mobile":{"background-color":"","background-image":"","background-repeat":"repeat","background-position":"center center","background-size":"auto","background-attachment":"scroll","background-type":"","background-media":"","overlay-type":"","overlay-color":"","overlay-opacity":"","overlay-gradient":""}},"ast-content-background-meta":{"desktop":{"background-color":"var(--ast-global-color-5)","background-image":"","background-repeat":"repeat","background-position":"center center","background-size":"auto","background-attachment":"scroll","background-type":"","background-media":"","overlay-type":"","overlay-color":"","overlay-opacity":"","overlay-gradient":""},"tablet":{"background-color":"var(--ast-global-color-5)","background-image":"","background-repeat":"repeat","background-position":"center center","background-size":"auto","background-attachment":"scroll","background-type":"","background-media":"","overlay-type":"","overlay-color":"","overlay-opacity":"","overlay-gradient":""},"mobile":{"background-color":"var(--ast-global-color-5)","background-image":"","background-repeat":"repeat","background-position":"center center","background-size":"auto","background-attachment":"scroll","background-type":"","background-media":"","overlay-type":"","overlay-color":"","overlay-opacity":"","overlay-gradient":""}}},"product_brand":[],"product_cat":[20,34,31,99],"product_tag":[],"class_list":{"0":"post-2071","1":"product","2":"type-product","3":"status-publish","4":"has-post-thumbnail","6":"product_cat-digital-numerique","7":"product_cat-music-musique","8":"product_cat-releases","9":"product_cat-serena-wu","10":"desktop-align-left","11":"tablet-align-left","12":"mobile-align-left","14":"first","15":"instock","16":"downloadable","17":"virtual","18":"taxable","19":"purchasable","20":"product-type-simple"},"acf":[],"_links":{"self":[{"href":"https:\/\/acadianembassy.com\/music\/wp-json\/wp\/v2\/product\/2071","targetHints":{"allow":["GET"]}}],"collection":[{"href":"https:\/\/acadianembassy.com\/music\/wp-json\/wp\/v2\/product"}],"about":[{"href":"https:\/\/acadianembassy.com\/music\/wp-json\/wp\/v2\/types\/product"}],"wp:featuredmedia":[{"embeddable":true,"href":"https:\/\/acadianembassy.com\/music\/wp-json\/wp\/v2\/media\/2073"}],"wp:attachment":[{"href":"https:\/\/acadianembassy.com\/music\/wp-json\/wp\/v2\/media?parent=2071"}],"wp:term":[{"taxonomy":"product_brand","embeddable":true,"href":"https:\/\/acadianembassy.com\/music\/wp-json\/wp\/v2\/product_brand?post=2071"},{"taxonomy":"product_cat","embeddable":true,"href":"https:\/\/acadianembassy.com\/music\/wp-json\/wp\/v2\/product_cat?post=2071"},{"taxonomy":"product_tag","embeddable":true,"href":"https:\/\/acadianembassy.com\/music\/wp-json\/wp\/v2\/product_tag?post=2071"}],"curies":[{"name":"wp","href":"https:\/\/api.w.org\/{rel}","templated":true}]}}