{"id":1645,"date":"2024-10-02T19:20:08","date_gmt":"2024-10-02T23:20:08","guid":{"rendered":"https:\/\/acadianembassy.com\/music\/?post_type=product&#038;p=1645"},"modified":"2024-11-04T17:05:08","modified_gmt":"2024-11-04T22:05:08","slug":"etranger-single","status":"publish","type":"product","link":"https:\/\/acadianembassy.com\/music\/product\/etranger-single\/","title":{"rendered":"\u00c9tranger (Single)"},"content":{"rendered":"<p>Download in MP3 format.<br \/>\nT\u00e9l\u00e9chargement au format MP3.<\/p>\n<p>Lanc\u00e9 le 2 octobre, 2024<\/p>\n<p>PAROLES:<br \/>\nTu me fais tant de promesses, j\u2019ai commenc\u00e9 \u00e0 te croire<br \/>\nMais t\u2019es tellement impr\u00e9visible, tu me fais perdre espoir<br \/>\nEt encore une fois je suis folle de toi,<br \/>\nSais-tu ce que \u00e7a me fait \u00e0 moi?<br \/>\nT\u2019es un \u00e9tranger qui fait semblant<br \/>\nTu me racontes tellement de mensonges<br \/>\nTu me dis que je te manque<br \/>\nMais tu m\u2019as laiss\u00e9 si longtemps<br \/>\nSans nouvelles de toi<br \/>\nEt encore une fois je suis folle de toi,<br \/>\nSais-tu ce que \u00e7a me fait \u00e0 moi?<br \/>\nT\u2019es un \u00e9tranger qui fait semblant<br \/>\nJ\u2019ai perdu tant de sommeil<br \/>\nEn attendant tes appels<br \/>\nTu dis que \u00e7a g\u00e2che ton horaire<br \/>\nMais moi, j\u2019en ai rien \u00e0 faire<br \/>\nEt encore une fois je suis folle de toi,<br \/>\nSais-tu ce que \u00e7a me fait \u00e0 moi?<br \/>\nT\u2019es un \u00e9tranger qui fait semblant<br \/>\nEt t\u2019es toujours dans mes pens\u00e9es<br \/>\nIl faut que je te largue<br \/>\nTout comme un \u00e9tranger, je ne sais rien de toi<br \/>\nMais, qu&#8217;est-ce que j\u2019en sais?<br \/>\nQui es-tu vraiment?<br \/>\nQu&#8217;est-ce que j\u2019en sais?<br \/>\nQui es-tu vraiment?<br \/>\nEt encore une fois je suis folle de toi,<br \/>\nSais-tu ce que \u00e7a me fait \u00e0 moi?<br \/>\nT\u2019es un \u00e9tranger qui fait semblant<br \/>\nEt encore une fois je suis folle de toi,<br \/>\nSais-tu ce que \u00e7a me fait \u00e0 moi?<br \/>\nT\u2019es un \u00e9tranger qui fait semblant<br \/>\nT\u2019es un \u00e9tranger qui fait semblant<\/p>\n<p>CR\u00c9DITS:<br \/>\nAuteure-compositrice\/Songwriter: Serena Wu<br \/>\nR\u00e9alisateur\/Producer: Daniel Ledwell<br \/>\nEnregistrement &amp; mixage\/Recording &amp; Mix Engineer: Daniel Ledwell \u00e0 Echo Lake<br \/>\nGr\u00e2vure\/Mastering: Kristian Montano \u00e0 Montano Mastering<\/p>\n<p>MUSICIEN.NE.S:<br \/>\nSerena Wu: vocals\/voix, ukulele<br \/>\nDaniel Ledwell: bass, horns, drums, keys, guitar\/basse, cuivres, batteries, claviers, guitare<\/p>\n","protected":false},"excerpt":{"rendered":"<p>Download in MP3 format. T\u00e9l\u00e9chargement au format MP3. Lanc\u00e9 le 2 octobre, 2024 PAROLES: Tu me fais tant de promesses, [&hellip;]<\/p>\n","protected":false},"featured_media":1646,"template":"","meta":{"_acf_changed":false,"site-sidebar-layout":"default","site-content-layout":"","ast-site-content-layout":"default","site-content-style":"default","site-sidebar-style":"default","ast-global-header-display":"","ast-banner-title-visibility":"","ast-main-header-display":"","ast-hfb-above-header-display":"","ast-hfb-below-header-display":"","ast-hfb-mobile-header-display":"","site-post-title":"","ast-breadcrumbs-content":"","ast-featured-img":"","footer-sml-layout":"","ast-disable-related-posts":"","theme-transparent-header-meta":"default","adv-header-id-meta":"","stick-header-meta":"","header-above-stick-meta":"","header-main-stick-meta":"","header-below-stick-meta":"","astra-migrate-meta-layouts":"set","ast-page-background-enabled":"default","ast-page-background-meta":{"desktop":{"background-color":"var(--ast-global-color-4)","background-image":"","background-repeat":"repeat","background-position":"center center","background-size":"auto","background-attachment":"scroll","background-type":"","background-media":"","overlay-type":"","overlay-color":"","overlay-opacity":"","overlay-gradient":""},"tablet":{"background-color":"","background-image":"","background-repeat":"repeat","background-position":"center center","background-size":"auto","background-attachment":"scroll","background-type":"","background-media":"","overlay-type":"","overlay-color":"","overlay-opacity":"","overlay-gradient":""},"mobile":{"background-color":"","background-image":"","background-repeat":"repeat","background-position":"center center","background-size":"auto","background-attachment":"scroll","background-type":"","background-media":"","overlay-type":"","overlay-color":"","overlay-opacity":"","overlay-gradient":""}},"ast-content-background-meta":{"desktop":{"background-color":"var(--ast-global-color-5)","background-image":"","background-repeat":"repeat","background-position":"center center","background-size":"auto","background-attachment":"scroll","background-type":"","background-media":"","overlay-type":"","overlay-color":"","overlay-opacity":"","overlay-gradient":""},"tablet":{"background-color":"var(--ast-global-color-5)","background-image":"","background-repeat":"repeat","background-position":"center center","background-size":"auto","background-attachment":"scroll","background-type":"","background-media":"","overlay-type":"","overlay-color":"","overlay-opacity":"","overlay-gradient":""},"mobile":{"background-color":"var(--ast-global-color-5)","background-image":"","background-repeat":"repeat","background-position":"center center","background-size":"auto","background-attachment":"scroll","background-type":"","background-media":"","overlay-type":"","overlay-color":"","overlay-opacity":"","overlay-gradient":""}}},"product_brand":[],"product_cat":[20,34,31,99],"product_tag":[],"class_list":{"0":"post-1645","1":"product","2":"type-product","3":"status-publish","4":"has-post-thumbnail","6":"product_cat-digital-numerique","7":"product_cat-music-musique","8":"product_cat-releases","9":"product_cat-serena-wu","10":"desktop-align-left","11":"tablet-align-left","12":"mobile-align-left","14":"first","15":"instock","16":"downloadable","17":"virtual","18":"taxable","19":"purchasable","20":"product-type-simple"},"acf":[],"_links":{"self":[{"href":"https:\/\/acadianembassy.com\/music\/wp-json\/wp\/v2\/product\/1645","targetHints":{"allow":["GET"]}}],"collection":[{"href":"https:\/\/acadianembassy.com\/music\/wp-json\/wp\/v2\/product"}],"about":[{"href":"https:\/\/acadianembassy.com\/music\/wp-json\/wp\/v2\/types\/product"}],"wp:featuredmedia":[{"embeddable":true,"href":"https:\/\/acadianembassy.com\/music\/wp-json\/wp\/v2\/media\/1646"}],"wp:attachment":[{"href":"https:\/\/acadianembassy.com\/music\/wp-json\/wp\/v2\/media?parent=1645"}],"wp:term":[{"taxonomy":"product_brand","embeddable":true,"href":"https:\/\/acadianembassy.com\/music\/wp-json\/wp\/v2\/product_brand?post=1645"},{"taxonomy":"product_cat","embeddable":true,"href":"https:\/\/acadianembassy.com\/music\/wp-json\/wp\/v2\/product_cat?post=1645"},{"taxonomy":"product_tag","embeddable":true,"href":"https:\/\/acadianembassy.com\/music\/wp-json\/wp\/v2\/product_tag?post=1645"}],"curies":[{"name":"wp","href":"https:\/\/api.w.org\/{rel}","templated":true}]}}